7?
5
What is the hundred thousands digit of 2847993?
8
What is the thousands digit of 839621?
9
What is the tens digit of 1290255?
5
What is the tens digit of 2450220?
2
What is the units digit of 5531069?
9
What is the millions digit of 17308745?
7
What is the ten thousands digit of 257747?
5
What is the hundred thousands digit of 1465130?
4
What is the tens digit of 931500?
0
What is the units digit of 703561?
1
What is the ten thousands digit of 663188?
6
What is the thousands digit of 592947?
2
What is the tens digit of 325695?
9
What is the ten thousands digit of 45196959?
9
What is the thousands digit of 194098?
4
What is the millions digit of 18456624?
8
What is the units digit of 646839?
9
What is the tens digit of 162721?
2
What is the tens digit of 6791542?
4
What is the hundreds digit of 51343?
3
What is the units digit of 596176?
6
What is the hundreds digit of 3080533?
5
What is the ten thousands digit of 327229?
2
What is the hundreds digit of 1995246?
2
What is the ten thousands digit of 599778?
9
What is the thousands digit of 194969?
4
What is the ten thousands digit of 3524084?
2
What is the ten thousands digit of 679147?
7
What is the thousands digit of 983531?
3
What is the ten thousands digit of 147296?
4
What is the units digit of 759639?
9
What is the thousands digit of 2798279?
8
What is the units digit of 3587124?
4
What is the thousands digit of 184672?
4
What is the ten thousands digit of 3471704?
7
What is the ten thousands digit of 474740?
7
What is the hundreds digit of 4034252?
2
What is the thousands digit of 12414990?
4
What is the ten thousands digit of 7753701?
5
What is the hundred thousands digit of 9835071?
8
What is the thousands digit of 544932?
4
What is the thousands digit of 1844660?
4
What is the units digit of 95389?
9
What is the ten thousands digit of 13951368?
5
What is the ten thousands digit of 7106161?
0
What is the hundred thousands digit of 684434?
6
What is the units digit of 466874?
4
What is the millions digit of 22677422?
2
What is the millions digit of 7287950?
7
What is the units digit of 594406?
6
What is the tens digit of 177692?
9
What is the millions digit of 1009621?
1
What is the units digit of 4474515?
5
What is the ten thousands digit of 6214373?
1
What is the tens digit of 5311961?
6
What is the millions digit of 5392019?
5
What is the hundred thousands digit of 395979?
3
What is the hundred thousands digit of 113032?
1
What is the thousands digit of 16689711?
9
What is the units digit of 929462?
2
What is the hundred thousands digit of 4466236?
4
What is the hundreds digit of 1680277?
2
What is the units digit of 1032984?
4
What is the ten thousands digit of 166151?
6
What is the units digit of 703923?
3
What is the tens digit of 40313?
1
What is the hundreds digit of 4427474?
4
What is the thousands digit of 400978?
0
What is the thousands digit of 3681117?
1
What is the hundreds digit of 314139?
1
What is the tens digit of 70523?
2
What is the ten thousands digit of 3483780?
8
What is the thousands digit of 289601?
9
What is the units digit of 362308?
8
What is the tens digit of 77935?
3
What is the thousands digit of 6155266?
5
What is the units digit of 344613?
3
What is the tens digit of 142926?
2
What is the units digit of 609874?
4
What is the thousands digit of 1630368?
0
What is the thousands digit of 396795?
6
What is the units digit of 318194?
4
What is the units digit of 287813?
3
What is the millions digit of 3893177?
3
What is the tens digit of 658069?
6
What is the units digit of 243660?
0
What is the units digit of 17928?
8
What is the ten thousands digit of 4453756?
5
What is the ten thousands digit of 6747694?
4
What is the ten thousands digit of 276265?
7
What is the units digit of 3060772?
2
What is the hundreds digit of 28907650?
6
What is the tens digit of 152991?
9
What is the hundreds digit of 4753362?
3
What is the hundreds digit of 11603016?
0
What is the thousands digit of 1845312?
5
What is the tens digit of 88800?
0
What is the hundreds digit of 2057542?
5
What is the units digit of 932234?
4
What is the hundred thousands digit of 107249?
1
What is the units digit of 151565?
5
What is the thousands digit of 464077?
4
What is the units digit of 18675645?
5
What is the units digit of 10289?
9
What is the thousands digit of 3722838?
2
What is the ten thousands digit of 1686462?
8
What is the hundreds digit of 1990798?
7
What is the hundreds digit of 3766050?
0
What is the hundreds digit of 173064?
0
What is the hundred thousands digit of 7421755?
4
What is the units digit of 22597505?
5
What is the hundreds digit of 415809?
8
What is the hundred thousands digit of 105396?
1
What is the ten thousands digit of 5046487?
4
What is the millions digit of 12080906?
2
What is the ten thousands digit of 440659?
4
What is the ten thousands digit of 2215840?
1
What is the ten thousands digit of 99131?
9
What is the ten thousands digit of 2184307?
8
What is the tens digit of 6616450?
5
What is the hundred thousands digit of 2403111?
4
What is the units digit of 7105042?
2
What is the hundreds digit of 1409841?
8
What is the hundreds digit of 302950?
9
What is the tens digit of 5257190?
9
What is the tens digit of 779696?
9
What is the tens digit of 600390?
9
What is the hundred thousands digit of 10654464?
6
What is the units digit of 2248397?
7
What is the hundreds digit of 7715055?
0
What is the thousands digit of 5007360?
7
What is the units digit of 231214?
4
What is the tens digit of 639218?
1
What is the hundred thousands digit of 464714?
4
What is the hundreds digit of 23654101?
1
What is the thousands digit of 2756728?
6
What is the thousands digit of 389761?
9
What is the thousands digit of 509348?
9
What is the hundreds digit of 232857?
8
What is the tens digit of 1473939?
3
What is the hundred thousands digit of 1697304?
6
What is the tens digit of 242807?
0
What is the tens digit of 15958?
5
What is the thousands digit of 3340107?
0
What is the tens digit of 4440577?
7
What is the units digit of 497975?
5
What is the millions digit of 13833507?
3
What is the units digit of 7801?
1
What is the millions digit of 19279582?
9
What is the tens digit of 87695?
9
What is the hundreds digit of 106586?
5
What is the ten thousands digit of 9087104?
8
What is the ten thousands digit of 1325397?
2
What is the ten thousands digit of 3359161?
5
What is the ten thousands digit of 968645?
6
What is the tens digit of 3728300?
0
What is the tens digit of 6139883?
8
What is the hundreds digit of 1180031?
0
What is the thousands digit of 18154080?
4
What is the hundred thousands digit of 655549?
6
What is the ten millions digit of 11313552?
1
What is the thousands digit of 1003876?
3
What is the tens digit of 463424?
2
What is the tens digit of 962666?
6
What is the hundreds digit of 5331203?
2
What is the millions digit of 14494827?
4
What is the thousands digit of 7884040?
4
What is the units digit of 48163?
3
What is the thousands digit of 602676?
2
What is the units digit of 21909?
9
What is the ten millions digit of 15874981?
1
What is the hundred thousands digit of 1354937?
3
What is the thousands digit of 33430713?
0
What is the tens digit of 620346?
4
What is the thousands digit of 96703?
6
What is the units digit of 323251?
1
What is the hundreds digit of 53504?
5
What is the ten thousands digit of 12186685?
8
What is the units digit of 3634577?
7
What is the hundred thousands digit of 11323399?
3
What is the ten millions digit of 17905456?
1
What is the thousands digit of 306658?
6
What is the ten thousands digit of 1600102?
0
What is the thousands digit of 357587?
7
What is the thousands digit of 2647594?
7
What is the ten millions digit of 21081814?
2
What is the thousands digit of 23488416?
8
What is the units digit of 11140104?
4
What is the thousands digit of 17215251?
5
What is the tens digit of 5899326?
2
What is the hundred thousands digit of 2276841?
2
What is the tens digit of 11214?
1
What is the ten thousands digit of 1486775?
8
What is the thousands digit of 182248?
2
What is the tens digit of 25714895?
9
What is the hundred thousands digit of 677329?
6
What is the units digit of 163005?
5
What is the hundred thousands digit of 11950779?
9
Wh